 1875971
What are the prime factors of 959405?
5, 19, 10099
What are the prime factors of 810396?
2, 3, 22511
List the prime factors of 47188.
2, 47, 251
List the prime factors of 239351.
7, 31, 1103
List the prime factors of 8369225.
5, 31, 10799
List the prime factors of 850499.
13, 65423
List the prime factors of 600726.
2, 3, 7, 14303
List the prime factors of 4783344.
2, 3, 227, 439
List the prime factors of 2713212.
2, 3, 75367
List the prime factors of 4443268.
2, 1110817
List the prime factors of 118670.
2, 5, 11867
List the prime factors of 3937849.
3937849
List the prime factors of 5342634.
2, 3, 11, 223
List the prime factors of 334566.
2, 3, 18587
What are the prime factors of 543018?
2, 3, 7, 1847
What are the prime factors of 2360984?
2, 295123
List the prime factors of 2033497.
2033497
What are the prime factors of 3709807?
19, 195253
What are the prime factors of 3116017?
23, 135479
What are the prime factors of 1345061?
37, 36353
What are the prime factors of 1501005?
3, 5, 11, 827
What are the prime factors of 1601611?
11, 145601
What are the prime factors of 469104?
2, 3, 29, 337
List the prime factors of 764923.
599, 1277
List the prime factors of 1412627.
673, 2099
List the prime factors of 123933.
3, 109, 379
List the prime factors of 9405573.
3, 17, 311, 593
What are the prime factors of 391114?
2, 167, 1171
List the prime factors of 11353528.
2, 421, 3371
What are the prime factors of 22459684?
2, 13, 23, 89, 211
List the prime factors of 1716317.
1716317
List the prime factors of 6110436.
2, 3, 509203
What are the prime factors of 19615587?
3, 37, 61, 2897
What are the prime factors of 408413?
408413
List the prime factors of 127361.
13, 97, 101
What are the prime factors of 105323?
105323
What are the prime factors of 126297?
3, 14033
List the prime factors of 11620374.
2, 3, 47, 89, 463
List the prime factors of 110033.
7, 11, 1429
List the prime factors of 28745075.
5, 1149803
What are the prime factors of 49102?
2, 24551
List the prime factors of 556428.
2, 3, 89, 521
List the prime factors of 11909855.
5, 2381971
What are the prime factors of 433409?
19, 22811
What are the prime factors of 3590373?
3, 19, 62989
What are the prime factors of 2374582?
2, 7, 19, 79, 113
What are the prime factors of 101334?
2, 3, 16889
List the prime factors of 935321.
241, 3881
List the prime factors of 10742534.
2, 11, 73, 6689
List the prime factors of 444100.
2, 5, 4441
List the prime factors of 690436.
2, 101, 1709
What are the prime factors of 281878?
2, 140939
List the prime factors of 1481254.
2, 59, 12553
What are the prime factors of 3581958?
2, 3, 109, 5477
What are the prime factors of 5686399?
5686399
List the prime factors of 25647999.
3, 13, 61, 10781
List the prime factors of 10381522.
2, 59, 97, 907
What are the prime factors of 1391745?
3, 5, 31, 41, 73
What are the prime factors of 13235656?
2, 7, 17, 13903
List the prime factors of 5766259.
83, 69473
List the prime factors of 1044694.
2, 7, 71, 1051
List the prime factors of 7262497.
11, 660227
What are the prime factors of 3400564?
2, 191, 4451
What are the prime factors of 8004357?
3, 889373
List the prime factors of 2459704.
2, 13, 67, 353
List the prime factors of 5515512.
2, 3, 229813
What are the prime factors of 191423?
107, 1789
What are the prime factors of 864179?
23, 37573
What are the prime factors of 1306074?
2, 3, 7, 11, 257
List the prime factors of 384197.
11, 53, 659
List the prime factors of 39847.
39847
What are the prime factors of 1682576?
2, 7, 83, 181
List the prime factors of 1628284.
2, 7, 58153
What are the prime factors of 27966?
2, 3, 59, 79
List the prime factors of 149929.
13, 19, 607
What are the prime factors of 3074901?
3, 53, 83, 233
List the prime factors of 418617.
3, 193, 241
What are the prime factors of 8394467?
8394467
What are the prime factors of 1552001?
11, 199, 709
List the prime factors of 2351364.
2, 3, 19, 10313
List the prime factors of 5481324.
2, 3, 50753
What are the prime factors of 509127?
3, 169709
List the prime factors of 426665.
5, 85333
List the prime factors of 558836.
2, 139709
List the prime factors of 196985.
5, 39397
What are the prime factors of 2226359?
29, 76771
List the prime factors of 311207.
13, 37, 647
What are the prime factors of 351990?
2, 3, 5, 3911
What are the prime factors of 449371?
13, 2659
List the prime factors of 428465.
5, 67, 1279
List the prime factors of 5319535.
5, 13, 81839
What are the prime factors of 1839611?
1839611
What are the prime factors of 1330170?
2, 3, 5, 101, 439
What are the prime factors of 446320?
2, 5, 7, 797
List the prime factors of 1235998.
2, 409, 1511
List the prime factors of 145147.
173, 839
List the prime factors of 7075462.
2, 3537731
What are the prime factors of 8798331?
3, 2932777
List the prime factors of 262061.
71, 3691
List the prime factors of 7266365.
5, 727, 1999
What are the prime factors of 1952857?
107, 18251
What are the prime factors of 257338?
2, 128669
What are the prime factors of 12789171?
3, 41, 3851
What are the prime factors of 442175?
5, 23, 769
List the prime factors of 1334886.
2, 3, 7, 37, 859
What are the prime factors of 14064255?
3, 5, 37, 8447
List the prime factors of 29047029.
3, 11, 19, 46327
What are the prime factors of 4617162?
2, 3, 11, 2591
What are the prime factors of 10317714?
2, 3, 11, 156329
What are the prime factors of 8571550?
2, 5, 13, 13187
List the prime factors of 5465345.
5, 1093069
List the prime factors of 287701.
287701
List the prime factors of 1669226.
2, 13, 19, 31, 109
What are the prime factors of 161438?
2, 53, 1523
List the prime factors of 178013.
11, 16183
What are the prime factors of 665489?
11, 101, 599
What are the prime factors of 985119?
3, 328373
What are the prime factors of 381420?
2, 3, 5, 13, 163
List the prime factors of 26037092.
2, 6509273
List the prime factors of 2596872.
2, 3, 108203
List the prime factors of 294903.
3, 7, 31, 151
What are the prime factors of 1472852?
2, 29, 12697
What are the prime factors of 5068883?
43, 117881
What are the prime factors of 1451895?
3, 5, 43, 2251
What are the prime factors of 1749954?
2, 3, 53, 5503
List the prime factors of 437463.
3, 13, 3739
List the prime factors of 1541918.
2, 7, 241, 457
List the prime factors of 8122928.
2, 11, 46153
What are the prime factors of 5313961?
47, 113063
What are the prime factors of 942760?
2, 5, 7, 13, 37
List the prime factors of 1062224.
2, 197, 337
List the prime factors of 5754358.
2, 2877179
List the prime factors of 41949.
3, 59, 79
List the prime factors of 3875135.
5, 11, 70457
What are the prime factors of 214690?
2, 5, 7, 3067
What are the prime factors of 6356569?
6356569
What are the prime factors of 2002784?
2, 7, 8941
List the prime factors of 1281166.
2, 640583
List the prime factors of 4694988.
2, 3, 391249
What are the prime factors of 228098?
2, 13, 31, 283
List the prime factors of 138082.
2, 7, 1409
List the prime factors of 7414092.
2, 3, 7, 467
What are the prime factors of 614991?
3, 13, 1213
List the prime factors of 2496385.
5, 499277
What are the prime factors of 3923025?
3, 5, 19, 2753
What are the prime factors of 170978?
2, 53, 1613
List the prime factors of 674173.
674173
What are the prime factors of 4498191?
3, 113, 4423
List the prime factors of 31995.
3, 5, 79
What are the prime factors of 7851206?
2, 11, 32443
What are the prime factors of 2776544?
2, 86767
What are the prime factors of 940059?
3, 37, 941
List the prime factors of 173014.
2, 19, 29, 157
What are the prime factors of 3362900?
2, 5, 33629
List the prime factors of 322880.
2, 5, 1009
List the prime factors of 719493.
3, 239831
What are the prime factors of 4445998?
2, 449, 4951
What are the prime factors of 776566?
2, 7, 55469
List the prime factors of 416462.
2, 208231
What are the prime factors of 86965?
5, 17393
List the prime factors of 8732493.
3, 7, 11, 12601
List the prime factors of 30623450.
2, 5, 11, 13, 4283
What are the prime factors of 528102?
2, 3, 29339
List the prime factors of 9370704.
2, 3, 7, 167
List the prime factors of 11402874.
2, 3, 7, 90499
What are the prime factors of 478251?
3, 17713
List the prime factors of 79702.
2, 7, 5693
List the prime factors of 17293408.
2, 1